[INFO] cloning repository https://github.com/williamhogman/eurydice
[INFO] running `Command { std: "git" "-c" "credential.helper=" "-c" "credential.helper=/workspace/cargo-home/bin/git-credential-null" "clone" "--bare" "https://github.com/williamhogman/eurydice" "/workspace/cache/git-repos/https%3A%2F%2Fgithub.com%2Fwilliamhogman%2Feurydice", kill_on_drop: false }`
[INFO] [stderr] Cloning into bare repository '/workspace/cache/git-repos/https%3A%2F%2Fgithub.com%2Fwilliamhogman%2Feurydice'...
[INFO] running `Command { std: "git" "rev-parse" "HEAD", kill_on_drop: false }`
[INFO] [stdout] 397162545b1a216974d379b74cb0bbda8a0ba05f
[INFO] checking williamhogman/eurydice against try#72f88fc4e9458f89516a0b8b0868f3718aec5b47 for pr-74989
[INFO] running `Command { std: "git" "clone" "/workspace/cache/git-repos/https%3A%2F%2Fgithub.com%2Fwilliamhogman%2Feurydice" "/workspace/builds/worker-11/source", kill_on_drop: false }`
[INFO] [stderr] Cloning into '/workspace/builds/worker-11/source'...
[INFO] [stderr] done.
[INFO] validating manifest of git repo https://github.com/williamhogman/eurydice on toolchain 72f88fc4e9458f89516a0b8b0868f3718aec5b47
[INFO] running `Command { std: "/workspace/cargo-home/bin/cargo" "+72f88fc4e9458f89516a0b8b0868f3718aec5b47" "read-manifest" "--manifest-path" "Cargo.toml", kill_on_drop: false }`
[INFO] started tweaking git repo https://github.com/williamhogman/eurydice
[INFO] finished tweaking git repo https://github.com/williamhogman/eurydice
[INFO] tweaked toml for git repo https://github.com/williamhogman/eurydice written to /workspace/builds/worker-11/source/Cargo.toml
[INFO] crate git repo https://github.com/williamhogman/eurydice already has a lockfile, it will not be regenerated
[INFO] running `Command { std: "/workspace/cargo-home/bin/cargo" "+72f88fc4e9458f89516a0b8b0868f3718aec5b47" "fetch" "--locked" "--manifest-path" "Cargo.toml", kill_on_drop: false }`
[INFO] [stderr]     Blocking waiting for file lock on package cache
[INFO] [stderr]     Blocking waiting for file lock on package cache
[INFO] [stderr]  Downloading crates ...
[INFO] [stderr]   Downloaded memoffset v0.5.2
[INFO] [stderr]   Downloaded postgres-protocol v0.4.1
[INFO] [stderr]   Downloaded darling_macro v0.8.6
[INFO] [stderr]   Downloaded darling v0.8.6
[INFO] [stderr]   Downloaded unicode-segmentation v1.5.0
[INFO] [stderr]   Downloaded derive_state_machine_future v0.2.0
[INFO] [stderr]   Downloaded rent_to_own v0.1.0
[INFO] [stderr]   Downloaded state_machine_future v0.2.0
[INFO] [stderr]   Downloaded num_cpus v1.11.0
[INFO] [stderr]   Downloaded tokio-postgres v0.4.0-rc.3
[INFO] [stderr]   Downloaded darling_core v0.8.6
[INFO] running `Command { std: "docker" "create" "-v" "/var/lib/crater-agent-workspace/builds/worker-11/target:/opt/rustwide/target:rw,Z" "-v" "/var/lib/crater-agent-workspace/builds/worker-11/source:/opt/rustwide/workdir:ro,Z" "-v" "/var/lib/crater-agent-workspace/cargo-home:/opt/rustwide/cargo-home:ro,Z" "-v" "/var/lib/crater-agent-workspace/rustup-home:/opt/rustwide/rustup-home:ro,Z" "-e" "SOURCE_DIR=/opt/rustwide/workdir" "-e" "CARGO_TARGET_DIR=/opt/rustwide/target" "-e" "CARGO_HOME=/opt/rustwide/cargo-home" "-e" "RUSTUP_HOME=/opt/rustwide/rustup-home" "-w" "/opt/rustwide/workdir" "-m" "1610612736" "--user" "0:0" "--network" "none" "rustops/crates-build-env@sha256:d92eaeed33fa75130ca1ee6c8a01d1ffb62bac859dfdfb3450e3e5d1c0146529" "/opt/rustwide/cargo-home/bin/cargo" "+72f88fc4e9458f89516a0b8b0868f3718aec5b47" "metadata" "--no-deps" "--format-version=1", kill_on_drop: false }`
[INFO] [stdout] 9730df57e3058e620b3208371d72de9e978d0e7a9d41a63ad37a7580a3388e38
[INFO] [stderr] WARNING: Your kernel does not support swap limit capabilities or the cgroup is not mounted. Memory limited without swap.
[INFO] running `Command { std: "docker" "start" "-a" "9730df57e3058e620b3208371d72de9e978d0e7a9d41a63ad37a7580a3388e38", kill_on_drop: false }`
[INFO] running `Command { std: "docker" "inspect" "9730df57e3058e620b3208371d72de9e978d0e7a9d41a63ad37a7580a3388e38", kill_on_drop: false }`
[INFO] running `Command { std: "docker" "rm" "-f" "9730df57e3058e620b3208371d72de9e978d0e7a9d41a63ad37a7580a3388e38", kill_on_drop: false }`
[INFO] [stdout] 9730df57e3058e620b3208371d72de9e978d0e7a9d41a63ad37a7580a3388e38
[INFO] running `Command { std: "docker" "create" "-v" "/var/lib/crater-agent-workspace/builds/worker-11/target:/opt/rustwide/target:rw,Z" "-v" "/var/lib/crater-agent-workspace/builds/worker-11/source:/opt/rustwide/workdir:ro,Z" "-v" "/var/lib/crater-agent-workspace/cargo-home:/opt/rustwide/cargo-home:ro,Z" "-v" "/var/lib/crater-agent-workspace/rustup-home:/opt/rustwide/rustup-home:ro,Z" "-e" "SOURCE_DIR=/opt/rustwide/workdir" "-e" "CARGO_TARGET_DIR=/opt/rustwide/target" "-e" "CARGO_INCREMENTAL=0" "-e" "RUST_BACKTRACE=full" "-e" "RUSTFLAGS=--cap-lints=forbid" "-e" "CARGO_HOME=/opt/rustwide/cargo-home" "-e" "RUSTUP_HOME=/opt/rustwide/rustup-home" "-w" "/opt/rustwide/workdir" "-m" "1610612736" "--user" "0:0" "--network" "none" "rustops/crates-build-env@sha256:d92eaeed33fa75130ca1ee6c8a01d1ffb62bac859dfdfb3450e3e5d1c0146529" "/opt/rustwide/cargo-home/bin/cargo" "+72f88fc4e9458f89516a0b8b0868f3718aec5b47" "check" "--frozen" "--all" "--all-targets" "--message-format=json", kill_on_drop: false }`
[INFO] [stdout] 30253b7c61898afd8449d30bd0c463ab842a25d993f6ea7714e34802b05fff47
[INFO] [stderr] WARNING: Your kernel does not support swap limit capabilities or the cgroup is not mounted. Memory limited without swap.
[INFO] running `Command { std: "docker" "start" "-a" "30253b7c61898afd8449d30bd0c463ab842a25d993f6ea7714e34802b05fff47", kill_on_drop: false }`
[INFO] [stderr]     Checking rand_core v0.4.2
[INFO] [stderr]    Compiling syn v0.15.44
[INFO] [stderr]    Compiling fnv v1.0.6
[INFO] [stderr]     Checking byte-tools v0.3.1
[INFO] [stderr]    Compiling memchr v2.2.1
[INFO] [stderr]     Checking subtle v1.0.0
[INFO] [stderr]    Compiling unicode-segmentation v1.5.0
[INFO] [stderr]     Checking fake-simd v0.1.2
[INFO] [stderr]     Checking opaque-debug v0.2.3
[INFO] [stderr]     Checking md5 v0.6.1
[INFO] [stderr]     Checking fallible-iterator v0.2.0
[INFO] [stderr]     Checking rent_to_own v0.1.0
[INFO] [stderr]     Checking antidote v1.0.0
[INFO] [stderr]    Compiling rand_chacha v0.1.1
[INFO] [stderr]    Compiling rand_pcg v0.1.2
[INFO] [stderr]    Compiling rand v0.6.5
[INFO] [stderr]     Checking unicode-normalization v0.1.8
[INFO] [stderr]     Checking phf_shared v0.7.24
[INFO] [stderr]     Checking block-padding v0.1.4
[INFO] [stderr]     Checking num_cpus v1.11.0
[INFO] [stderr]     Checking base64 v0.10.1
[INFO] [stderr]    Compiling quote v0.6.13
[INFO] [stderr]    Compiling memoffset v0.5.2
[INFO] [stderr]     Checking bytes v0.4.12
[INFO] [stderr]     Checking crypto-mac v0.7.0
[INFO] [stderr]     Checking rand_core v0.3.1
[INFO] [stderr]     Checking rand_jitter v0.1.4
[INFO] [stderr]     Checking rand_os v0.1.3
[INFO] [stderr]     Checking mio-uds v0.6.7
[INFO] [stderr]     Checking block-buffer v0.7.3
[INFO] [stderr]     Checking parking_lot_core v0.6.2
[INFO] [stderr]     Checking futures-cpupool v0.1.8
[INFO] [stderr]     Checking hmac v0.7.1
[INFO] [stderr]     Checking phf v0.7.24
[INFO] [stderr]     Checking rand_xorshift v0.1.1
[INFO] [stderr]     Checking rand_isaac v0.1.1
[INFO] [stderr]     Checking rand_hc v0.1.0
[INFO] [stderr]     Checking sha2 v0.8.0
[INFO] [stderr]    Compiling heck v0.3.1
[INFO] [stderr]     Checking parking_lot v0.9.0
[INFO] [stderr]     Checking tokio-io v0.1.12
[INFO] [stderr]     Checking crossbeam-epoch v0.7.2
[INFO] [stderr]     Checking crossbeam-deque v0.7.1
[INFO] [stderr]     Checking tokio-reactor v0.1.10
[INFO] [stderr]     Checking tokio-codec v0.1.1
[INFO] [stderr]     Checking tokio-threadpool v0.1.16
[INFO] [stderr]     Checking stringprep v0.1.2
[INFO] [stderr]     Checking tokio-uds v0.2.5
[INFO] [stderr]     Checking tokio-tcp v0.1.3
[INFO] [stderr]     Checking tokio-udp v0.1.5
[INFO] [stderr]     Checking tokio-fs v0.1.6
[INFO] [stderr]     Checking postgres-protocol v0.4.1
[INFO] [stderr]     Checking tokio v0.1.22
[INFO] [stderr]    Compiling darling_core v0.8.6
[INFO] [stderr]    Compiling darling_macro v0.8.6
[INFO] [stderr]    Compiling darling v0.8.6
[INFO] [stderr]    Compiling derive_state_machine_future v0.2.0
[INFO] [stderr]     Checking state_machine_future v0.2.0
[INFO] [stderr]     Checking tokio-postgres v0.4.0-rc.3
[INFO] [stderr]     Checking eurydice v0.1.0 (/opt/rustwide/workdir)
[INFO] [stdout] error: expected type, found keyword `mut`
[INFO] [stdout]   --> src/main.rs:36:26
[INFO] [stdout]    |
[INFO] [stdout] 36 | fn query_to_file(client: mut tokion_postgres::Client, query: String, outfile: String) {
[INFO] [stdout]    |                          ^^^ expected type
[INFO] [stdout] 
[INFO] [stdout] 
[INFO] [stdout] error: expected type, found keyword `mut`
[INFO] [stdout]   --> src/main.rs:36:26
[INFO] [stdout]    |
[INFO] [stdout] 36 | fn query_to_file(client: mut tokion_postgres::Client, query: String, outfile: String) {
[INFO] [stdout]    |                          ^^^ expected type
[INFO] [stdout] 
[INFO] [stdout] 
[INFO] [stdout] error[E0425]: cannot find value `pg_c` in this scope
[INFO] [stdout]   --> src/main.rs:40:9
[INFO] [stdout]    |
[INFO] [stdout] 40 |         pg_c.map(|mut client| {
[INFO] [stdout]    |         ^^^^ not found in this scope
[INFO] [stdout] 
[INFO] [stdout] 
[INFO] [stdout] warning: unused import: `bytes::Bytes`
[INFO] [stdout]  --> src/main.rs:5:5
[INFO] [stdout]   |
[INFO] [stdout] 5 | use bytes::Bytes;
[INFO] [stdout]   |     ^^^^^^^^^^^^
[INFO] [stdout]   |
[INFO] [stdout]   = note: `#[warn(unused_imports)]` on by default
[INFO] [stdout] 
[INFO] [stdout] 
[INFO] [stdout] warning: unused import: `tokio::io`
[INFO] [stdout]  --> src/main.rs:6:5
[INFO] [stdout]   |
[INFO] [stdout] 6 | use tokio::io;
[INFO] [stdout]   |     ^^^^^^^^^
[INFO] [stdout] 
[INFO] [stdout] 
[INFO] [stdout] error[E0425]: cannot find value `pg_c` in this scope
[INFO] [stdout]   --> src/main.rs:40:9
[INFO] [stdout]    |
[INFO] [stdout] 40 |         pg_c.map(|mut client| {
[INFO] [stdout]    |         ^^^^ not found in this scope
[INFO] [stdout] 
[INFO] [stdout] 
[INFO] [stdout] warning: unused import: `bytes::Bytes`
[INFO] [stdout]  --> src/main.rs:5:5
[INFO] [stdout]   |
[INFO] [stdout] 5 | use bytes::Bytes;
[INFO] [stdout]   |     ^^^^^^^^^^^^
[INFO] [stdout]   |
[INFO] [stdout]   = note: `#[warn(unused_imports)]` on by default
[INFO] [stdout] 
[INFO] [stdout] 
[INFO] [stdout] warning: unused import: `tokio::io`
[INFO] [stdout]  --> src/main.rs:6:5
[INFO] [stdout]   |
[INFO] [stdout] 6 | use tokio::io;
[INFO] [stdout]   |     ^^^^^^^^^
[INFO] [stdout] 
[INFO] [stdout] 
[INFO] [stdout] error[E0369]: cannot add `String` to `&str`
[INFO] [stdout]   --> src/main.rs:41:37
[INFO] [stdout]    |
[INFO] [stdout] 41 |             client.prepare("COPY (" + query + ") TO STDOUT WITH CSV HEADER")
[INFO] [stdout]    |                            -------- ^ ----- String
[INFO] [stdout]    |                            |        |
[INFO] [stdout]    |                            |        `+` cannot be used to concatenate a `&str` with a `String`
[INFO] [stdout]    |                            &str
[INFO] [stdout]    |
[INFO] [stdout] help: `to_owned()` can be used to create an owned `String` from a string reference. String concatenation appends the string on the right to the string on the left and may require reallocation. This requires ownership of the string on the left
[INFO] [stdout]    |
[INFO] [stdout] 41 |             client.prepare("COPY (".to_owned() + &query + ") TO STDOUT WITH CSV HEADER")
[INFO] [stdout]    |                            ^^^^^^^^^^^^^^^^^^^   ^^^^^^
[INFO] [stdout] 
[INFO] [stdout] 
[INFO] [stdout] error[E0277]: the size for values of type `[u8]` cannot be known at compilation time
[INFO] [stdout]   --> src/main.rs:48:24
[INFO] [stdout]    |
[INFO] [stdout] 48 |             .map(move |b| file.poll_write(&b) )
[INFO] [stdout]    |                        ^ doesn't have a size known at compile-time
[INFO] [stdout]    |
[INFO] [stdout]    = help: the trait `Sized` is not implemented for `[u8]`
[INFO] [stdout]    = help: unsized locals are gated as an unstable feature
[INFO] [stdout] help: function arguments must have a statically known size, borrowed types always have a known size
[INFO] [stdout]    |
[INFO] [stdout] 48 |             .map(move |&b| file.poll_write(&b) )
[INFO] [stdout]    |                        ^
[INFO] [stdout] 
[INFO] [stdout] 
[INFO] [stdout] error[E0369]: cannot add `String` to `&str`
[INFO] [stdout]   --> src/main.rs:41:37
[INFO] [stdout]    |
[INFO] [stdout] 41 |             client.prepare("COPY (" + query + ") TO STDOUT WITH CSV HEADER")
[INFO] [stdout]    |                            -------- ^ ----- String
[INFO] [stdout]    |                            |        |
[INFO] [stdout]    |                            |        `+` cannot be used to concatenate a `&str` with a `String`
[INFO] [stdout]    |                            &str
[INFO] [stdout]    |
[INFO] [stdout] help: `to_owned()` can be used to create an owned `String` from a string reference. String concatenation appends the string on the right to the string on the left and may require reallocation. This requires ownership of the string on the left
[INFO] [stdout]    |
[INFO] [stdout] 41 |             client.prepare("COPY (".to_owned() + &query + ") TO STDOUT WITH CSV HEADER")
[INFO] [stdout]    |                            ^^^^^^^^^^^^^^^^^^^   ^^^^^^
[INFO] [stdout] 
[INFO] [stdout] 
[INFO] [stdout] error: aborting due to 4 previous errors; 2 warnings emitted
[INFO] [stdout] 
[INFO] [stdout] 
[INFO] [stdout] Some errors have detailed explanations: E0277, E0369, E0425.
[INFO] [stdout] 
[INFO] [stdout] For more information about an error, try `rustc --explain E0277`.
[INFO] [stdout] 
[INFO] [stderr] error: could not compile `eurydice`.
[INFO] [stderr] 
[INFO] [stderr] To learn more, run the command again with --verbose.
[INFO] [stderr] warning: build failed, waiting for other jobs to finish...
[INFO] [stdout] error[E0277]: the size for values of type `[u8]` cannot be known at compilation time
[INFO] [stdout]   --> src/main.rs:48:24
[INFO] [stdout]    |
[INFO] [stdout] 48 |             .map(move |b| file.poll_write(&b) )
[INFO] [stdout]    |                        ^ doesn't have a size known at compile-time
[INFO] [stdout]    |
[INFO] [stdout]    = help: the trait `Sized` is not implemented for `[u8]`
[INFO] [stdout]    = help: unsized locals are gated as an unstable feature
[INFO] [stdout] help: function arguments must have a statically known size, borrowed types always have a known size
[INFO] [stdout]    |
[INFO] [stdout] 48 |             .map(move |&b| file.poll_write(&b) )
[INFO] [stdout]    |                        ^
[INFO] [stdout] 
[INFO] [stdout] 
[INFO] [stdout] error: aborting due to 4 previous errors; 2 warnings emitted
[INFO] [stdout] 
[INFO] [stdout] 
[INFO] [stdout] Some errors have detailed explanations: E0277, E0369, E0425.
[INFO] [stdout] 
[INFO] [stdout] For more information about an error, try `rustc --explain E0277`.
[INFO] [stdout] 
[INFO] [stderr] error: build failed
[INFO] running `Command { std: "docker" "inspect" "30253b7c61898afd8449d30bd0c463ab842a25d993f6ea7714e34802b05fff47", kill_on_drop: false }`
[INFO] running `Command { std: "docker" "rm" "-f" "30253b7c61898afd8449d30bd0c463ab842a25d993f6ea7714e34802b05fff47", kill_on_drop: false }`
[INFO] [stdout] 30253b7c61898afd8449d30bd0c463ab842a25d993f6ea7714e34802b05fff47
